 - 2).
35
-137 + ((-71 - (-42 + -16)) + 1 + 2 - -6)
-141
-24 + (59 - (-28 + 67))
-4
Evaluate (-4 - (19 - 37)) + -23 + -3 - -1.
-11
What is -21 + 25 + 19 + (-30 - -18)?
11
What is 14 + -18 - (0 - (8 - 3)) - (48 + -41)?
-6
Evaluate -12 - (-19 - (-21 + -19) - 9).
-24
Calculate -4 + (3 - 4) + 2 - (132 - 96).
-39
0 + -9 - (-26 + -31 + 70 + -37)
15
(-16 - (2 + -9)) + (0 + 20 - (8 + -9))
12
(10 + -10 - -12) + -1
11
Calculate (-13 - (36 + -36)) + -14 + (2 - -3).
-22
What is the value of -4 + 7 + 7 + 1 + 2 - -36?
49
Evaluate 6 - -10 - (19 - (-14 - (13 + -39))).
9
What is the value of (-8 - -215) + -1921 + 1790?
76
Evaluate -4 + (2 - 7 - -19) + (28 - (41 + -15)).
12
Calculate 119 + (-2 + (3 - 18) - (28 + -31)).
105
Evaluate 20 + (64 - 93 - (-13 - -2) - 28).
-26
What is the value of 16 - ((13 - (-39 - -13)) + 36)?
-59
What is 10 - 7 - (-14 + 92 - (-11 + -1))?
-87
15 - (66 - 98) - 80
-33
What is -21 + 4 + (2 - (14 + -11 - 7 - -1))?
-12
Evaluate -4 - (4 - (6 + -1)) - (-42 + 47 + 15).
-23
What is 22 + (-1 - 55) + (-94 - -104)?
-24
What is (144 - (0 + (4 - 10))) + 103 + -118?
135
Calculate 10 - (3 + (-5 - -3)) - (1135 - 1118).
-8
Evaluate 60 - (-2 - -26) - (-95 - -70).
61
Evaluate (-28 - -22 - (3 - 58) - 3) + -9.
37
What is 2 + -282 + 262 + 1 + 12 + (-93 - 1)?
-99
What is 2 - (67 + 62) - -85?
-42
Calculate -6 + (5 - -51 - 15 - 23).
12
11 + -10 + 34 + -62 + 59
32
Evaluate 1 - 4 - (7 + -4 + 33).
-39
What is 2 - 10 - (10 + -5 + (56 - 58))?
-11
-150 + 93 - (-37 - (5 + -15))
-30
What is the value of (14 - ((-90 - -76) + (11 - -1) - -106)) + -7?
-97
Calculate (-2 - -4 - (5 + -3 - -8)) + 5.
-3
What is the value of 17 - (-19 + 1 + -474 + 592)?
-83
66 - (-57 + 109) - (-1 - (-3 - -1))
13
What is 1156 + -1154 + (0 - -76)?
78
(9 + -11 - -22) + -31 - 0
-11
Evaluate -13 + 5 + -5 - (2 + 19) - -4.
-30
What is (3 + -7 + 12 - (60 - (-18 - 1))) + 5?
-66
What is the value of (1 - 37) + 161 + -125?
0
Calculate 36 + -8 - (39 + 43 + -30).
-24
What is -4 + (-5 + -9 + 27 - (-2 + 10))?
1
What is 155 + -152 - (4 - (3 - 80) - -9)?
-87
Evaluate (18 - (-1 - -6)) + (-2 + 13 - 12 - 80).
-68
Calculate -86 - -3 - (-7 - (34 - 9)).
-51
What is the value of 10 - -2 - (13 + 95 - ((3 - -19) + -26))?
-100
What is the value of 5 + (-40 - (-1 + -76)) + -2 + -1?
39
0 - (77 + 1) - ((2246 - 2299) + (62 - -2))
-89
What is -3 - (4 - (20 - -1) - (-14 + (40 - 15)))?
25
53 - (151 + (-92 - -83))
-89
What is -26 - (-100 + (12 - 1) + 6)?
57
Calculate -1 + -2 + (29 - (-36 - -120 - -20)).
-78
5 + -42 + (-361 - -366)
-32
What is the value of -1 - (-6 + 4 + (-72 - -69) + (1 - 18))?
21
Evaluate -1261 + 1266 - (21 + 0).
-16
5 + -39 + 10 + (-43 - -9) + -1 + 7
-52
What is the value of 14 + -9 + 31 + -51 + (-2 - -2) + -125?
-140
(-34 - 3) + -31 + 32 + 25
-11
Evaluate (-8 - -13) + -76 + 3 + -21 + 5.
-84
What is -26 + -25 - -64 - (4 + (12 - -6))?
-9
(-21 + -9 + 12 + 1 - 94) + 3
-108
What is -19 - ((-7 + 37 - 10 - 19) + 2)?
-22
Evaluate 50 + -3 + 15 + -45 + 0 + (-3 - -1).
15
Evaluate (-3 - 8) + 2 - ((2 - (-18 + 23)) + -8).
2
Evaluate (108 - 104) + -114 + 9 + -2 + -3 + 1.
-105
Calculate 226 + -301 + -2 - (-34 + 2).
-45
What is (-39 - -2) + (4 - (-9 + 1)) + 104 + -122?
-43
(311 - 327) + (-5 - (12 - 11))
-22
What is -1078 + 670 + 304 + (-1 - (1 + (1 - 13)))?
-94
What is -58 + 70 + 158 + -101?
69
Calculate -10 + 8 + -46 + (-8 - (0 - -8)) + 12.
-52
What is -12 - (36 - (-35 - -73)) - (103 + -3 + 0)?
-110
What is the value of (14 - -4) + -8 + (-10 - 21) + 135?
114
What is 11 - -6 - (-1 + (46 - -2))?
-30
Calculate 29 - ((-71 - 68) + 115).
53
What is 39 - 4 - 41 - 30?
-36
Evaluate (-22 - -29) + 26 + 12 - -11.
56
(11 - (16 + -20 - -13 - -4)) + 55
53
What is the value of 51 - 16 - (2 + 4 + (-3 - 26) + 12)?
46
Evaluate (16 - (23 + -12 - 1)) + 8.
14
What is 163 + -139 + (6 - -3) + -35?
-2
What is the value of 72 - -17 - 75 - -65?
79
Calculate 28 - 30 - (49 - -11 - ((0 - 2) + 6)).
-58
Evaluate (-28 - (8 - 113)) + -44.
33
What is the value of -1 + 25 + 2 + (-4 + 30 + -4 - 25)?
23
What is the value of (-6 - (-4 - (5 + 7) - -5)) + -23?
-18
Calculate 673 + -286 + -366 + (-102 + 1 - 2).
-82
Evaluate -44 - (6 + 16 + 32).
-98
Evaluate -1 + (-28 + -1 - -2) - (-100 - 216 - -311).
-23
Evaluate (-14 - (57 + -30)) + (1 + -1 - 2).
-43
What is the value of -490 + 514 + (-12 - -1) - -2?
15
What is the value of -64 + -70 + (0 - -19 - (2 - 8 - -12))?
-121
81 + (-75 - 5) - 16
-15
Calculate 83 - (1 - -18 - (145 + -152)).
57
Evaluate (-6 + 93 - 26) + (10 - 27 - -5).
49
Evaluate -10 - (9 - ((11 - 4) + 4)) - -75 - 6.
61
(8 - (9 + -20 + 2 - -9)) + (48 - -43)
99
(4 - (0 + -4 + 12)) + 51 - (-289 - -279)
57
0 - (20 + (111 - 97))
-34
(32 - 12 - 7) + (-128 - (-8 - 10))
-97
What is -1 - (43 + -1 + (25 - -23) + -37)?
-54
-101 + 1 - (-1863 + 1864)
-101
What is (-36 - 2) + 10 + 19 + -17 + -27?
-53
Evaluate (-464 - -501) + (2 + -5 - 16).
18
What is 1 + 81 - (-2 + -29 + 648 + -612)?
77
What is 7 - -6 - (-1 - -7 - (-73 - -76))?
10
What is 32 - (0 - -2) - ((-64 - -121) + -51)?
24
What is -3 - -104 - (-6024 - -6024)?
101
What is the value of 0 + 33 + 18 + (35 - (83 + -14))?
17
Evaluate (0 - -44) + 37 + -63 + 4.
22
Evaluate (149 - 163 - (0 - -9)) + (11 - 15).
-27
Calculate (-3 - (-27 - -29)) + 2 + 7 - -42.
46
Evaluate (-1 - 45) + 5 - (982 + -931).
-92
-1 + (364 - 370) + -3 + 1 + -4
-13
Calculate 1 - 9 - (-118 - (-228 - -133)).
15
0 + 7 + (-150 - -43) + 108
8
4 + (14 - 11) + -6 + -10 - -64
55
What is the value of (-68 - 0) + 175 + -156 + (-4 + 3 - 7)?
-57
What is the value of (-120 - -25 - -107) + -51?
-39
Calculate (45 - (-1 - -20)) + (-10 - 11) + (-2 - -104).
107
169 + -172 - (10 - 34)
21
Calculate -7 - (29 + (-22 - -14) + 22).
-50
Evaluate -13 - (14 - (-19 - 12)).
-58
Calculate (1 - 3) + (-101 - (-99 + 6)) - -102.
92
What is the value of (22 - 1) + -4 + 20 + -20 - 10?
7
-1321 - -1317 - (-2 - (14 + -4 + 0 - -2))
10
Evaluate -290 - -240 - (3 + -60).
7
What is the value of -31 + -2 - (22 + -30 + (10 - 13 - -16))?
-38
Evaluate (-127 - -121) + 65 + 29.
88
What is the value of -27 - (15 + -32) - (-62 - (3 - 3))?
52
What is -13 + (-5 - -8 - -22) - 25?
-13
Calculate -7 + 18 - ((17 - 27) + 1 + -12).
32
Evaluate (2 - (24 + 0 + -11)) + 10 + (-4 - 77).
-82
Calculate (2 - -17 - (2 + -2 - 2)) + 11073 + -11068.
26
Evaluate -1 - (66 - (3 - -124) - (1 - -2)).
63
What is the value of -76 - (-52 + 89 + -169)?
56
-97 + (26 - 3) + 20 + 21
-33
What is the value of 53 - (-45 + 228) - -59?
-71
What is (-58 - (-138 + 167)) + 48?
-39
What is -36 + (2 + 0 - (-3 - -8)) + (-426 - -434)?
-31
What is (3 - 10 - (230 + -258)) + 4?
25
What is 34 - (62 + -160 + 11)?
121
What is (-23 + 45 - -8 - 19) + -24?
-13
What is the value of -2 + (2 - 0) - (5 - (30 - (-1 + 27)))?
-1
Calculate -15 + 1 + 2 + (11 + -8 - (36 - 21)).
-24
Calculate -73 + -48 + 97 + 45.
21
Calculate -8 - ((-2 - -5 - (26 + -57)) + -4) - 3.
-41
Evaluate 1 - -3 - -18 - (-33 + 22 + 3).
30
Calculate 0 - 10 - (-53 - (4 + 8 + -21)).
34
(0 - -6 - -40) + (100 - 112)
34
Evaluate -46 + -127 + 240 + 20.
87
Evaluate -53 + 233 + -89 - 71.
20
What is the value of 3 + -4 + -163 - (-129 - -142 - 37)?
-140
73 - (0 + 11 - ((-10 - -32) + -1 + 1))
84
What is -5 + 55 + -59 + (1 - 0) + 1 + -27?
-34
What is (-8 - -1 - (-332 - -327)) + 6 - (-1 + -30)?
35
What is (-17 - 0) + 35 + -1 + -2442 + 2420?
-5
What is the value of -28 + -6 + 4 + 16 + (144 - (21 + -10))?
119
What is -3 + 90 + -183 + 25?
-71
Evaluate (2 - -20) + 1 - (-196 + 209).
10
51 + 24 + -63 + -36
-24
What is (-83 - -40) + -158 + 78?
-123
Calculate -10 + (1 - 14) + (-23 - -34).
-12
Calculate -21284 - -21307 - ((77 - -1) + -1).
-54
What is the value of -24 + 40 + -21 + 25?
20
18 + 0 + (4687 - 4709)
-4
-1 + (-8 - (17 + -19)) + -10
-17
Evaluate -35 - ((-112 - -47) + 24).
6
Evaluate 10 + -67 - -34 - (24 - -4 - 6).
-45
What is -10 - 5 - -11 - (-3 - 34) - (-11 + 9)?
35
-11 + 21 + 63 + -111
-38
Evaluate 9 - (-2 - -1) - (41 - 59 - (15 - 2)).
41
5 - 10 - -18 - (13 + (-27 - -18))
9
What is the value of (35 - (74 - 35)) + 43?
39
What is 33 - (-96 + 206 - 35)?
-42
Evaluate -27 - 14 - (167 + -161) - (0 - 12).
-35
3 + 17 + -5 - (-111 - -80)
46
Calculate -8 + 0 - (-1 - 0) - (-312 + 161 - -147).
-3
Calculate -1 - 0 - (1893 - 1919) - 25.
0
Evaluate 1938 + -1947 + -3 + -15.
-27
-10 + 2 + -18 + -7 - 17
-50
Evaluate 12 